Give x(b).
7
Let p(f) = f**2 - f - 1. Let z be p(-1). Let j(u) = 5*u**3 + 5*u**2 + u - 2. Let b(a) = -11*a**3 - 9*a**2 - a + 3. Let s(x) = -3*b(x) - 5*j(x). What is s(z)?
9
Suppose -u = 4*u - 10. Let n(l) = -1 + 11*l**u + 3*l**2 - 2*l**2. Give n(1).
11
Let a(h) = 5*h**2 - 2*h - 1. Let q(p) = -1 - 3*p**2 + 0*p**2 + p - 1 + 3. Let c(r) = -4*a(r) - 7*q(r). Determine c(0).
-3
Let k(b) be the first derivative of -b**3/3 - b**2/2 + b + 1. Let v(h) = -2*h**2 - 59*h + 94. Let y be v(-31). Calculate k(y).
-1
Let m(c) = -4*c**3 + 9*c**2 + 4*c. Let a(b) = 5*b**3 - 10*b**2 - 5*b. Let u(k) = 6*a(k) + 7*m(k). Determine u(-3).
-21
Suppose -4*w = -2*w - 8. Suppose -l = 1 + w. Let n(o) = -o**2 + 2*o + 12. Let z(v) = -v - 1. Let x(i) = n(i) + 5*z(i). Give x(l).
-3
Let k(z) = -3*z**2 + 3 - 16*z + 17*z + 4*z**2. Suppose -3*i = 2*i. Give k(i).
3
Let p(a) = -3*a**3 - 11*a - 6. Let j(f) = -2*f**3 - 7*f - 4. Let n(q) = 8*j(q) - 5*p(q). Let v(m) = m - 7. Let y be v(5). Give n(y).
8
Suppose 4*g = 2*p, -5*g + g + 10 = 3*p. Suppose -4*j = -4*n - 40, -2*j - p = -n - 4*j. Let r(c) = -c**2 - 7*c - 8. Determine r(n).
-2
Let k(j) = -j + 4. Let q be k(4). Let f(y) = -y + q - 4*y - 1. Let p(t) = t - 10. Let b be p(8). Determine f(b).
9
Suppose 6*d - 20 = d. Suppose 9*y + 88 = 10*y. Let w(o) = -88 + y - o. What is w(d)?
-4
Let j(a) be the third derivative of 3*a**6/40 - a**3/6 + 2*a**2. Let i(d) = d - 1. Let c be i(2). Determine j(c).
8
Suppose 0 = -n - 2*n. Let r(w) = n - w + 2 - w. Determine r(4).
-6
Let i(v) = 9*v**3 + 14*v**2 + 8*v - 13. Let w(x) = -5*x**3 - 7*x**2 - 4*x + 7. Let d(c) = -4*i(c) - 7*w(c). Give d(-6).
-9
Let o(w) be the third derivative of 7*w**4/24 + 7*w**3/6 - 34*w**2. Give o(-5).
-28
Let p = 0 - -13. Let g = -11 + p. Let y(f) = 2*f - f**2 - f**3 - 2*f - 1 + 3*f. What is y(g)?
-7
Suppose 5 = 10*p - 5*p. Let r(j) be the third derivative of -j**6/120 - j**5/60 + j**4/24 + j**2. Calculate r(p).
-1
Suppose a = 5 - 9. Let j(p) = p - 3. Let g(r) be the second derivative of r**3/6 - 2*r**2 - r. Let q(k) = 3*g(k) - 4*j(k). Determine q(a).
4
Let q(t) = -t**2 + 4*t. Suppose f - 5*w + 9 = 0, -2*f + w = -0*w + 9. Let s = f + 6. Suppose -m = -s*m + 2. Determine q(m).
4
Let v(k) be the third derivative of -k**4/24 - 5*k**3/6 - 36*k**2. Let p be (-8)/(-6) + (-4)/(-6). Let b = p + -2. Give v(b).
-5
Let q(o) = -o + 12. Suppose -2*d + 2*l + 2 = 10, -4*d - 5*l + 20 = 0. Suppose 3*y - 5 - 1 = d. Let k be (-3)/(y - (-39)/(-15)). Determine q(k).
7
Let j = 15 - 11. Suppose j*l = -0*l - 12. Let r(b) = 2*b**2 + 4*b + 2. Calculate r(l).
8
Let m(q) = 5*q**3 + 18*q**2 + 5*q + 10. Let a(b) = -b**3 - b**2 - b + 1. Let j(n) = -6*a(n) - m(n). Give j(12).
-4
Let q(n) = -7*n + 2. Let y(f) = -4*f + 1. Let a(m) = -2*q(m) + 5*y(m). Suppose 0 = -3*o - 0*o. Suppose 0 = 4*j + 3*u - 13, o*u - 4*u = -5*j - 7. Determine a(j).
-5
Let c(q) = q - 4. Let p(y) = -2*y + 7. Let k(r) = -7*c(r) - 4*p(r). Determine k(-4).
-4
Let w(p) = p**3 + 10*p**2 + p + 12. Let u be w(-10). Let g(s) = -2*s**2 + s**3 + 1 + 4*s**2 + s**u - s. Determine g(-2).
7
Let c(i) = 2*i**2 - i + 1. Let v(t) = -t**3 - 6*t**2 - 7*t - 6. Let o be v(-5). Suppose -4*y = -o*l, -2*l + y = 2*y - 6. Calculate c(l).
7
Let z(f) be the first derivative of -f**4/12 - 7*f**3/6 - 2*f**2 + 2*f - 3. Let m(r) be the first derivative of z(r). What is m(-5)?
6
Let v(c) = 5*c**3 + 9*c**2 + 5*c + 13. Let r(p) = -11*p**3 - 18*p**2 - 9*p - 27. Let o(n) = -4*r(n) - 9*v(n). Determine o(-8).
-1
Let o = 13 - 17. Let j(f) = 2*f + 2. What is j(o)?
-6
Suppose 0*n - 3 = n. Let i(p) be the first derivative of p**2/2 - p - 15. Give i(n).
-4
Let c(i) = -i + 4. Let o be -5*-2*1/2. Let z = o - -3. Suppose 0 = -3*p - l + 4*l, z = -2*l. Give c(p).
8
Suppose -5 = -4*g + 5*g. Let s(z) be the first derivative of -1/3*z**3 + 4 - 7*z - 7/2*z**2. What is s(g)?
3
Let t(w) = w**3 + 5*w**2 - 8*w + 2. Let b(v) = 5*v**3 + 25*v**2 - 41*v + 11. Let y(x) = -2*b(x) + 11*t(x). Determine y(-6).
0
Let w(m) = m**2 - 4*m - 1. Let p be (-2)/(-7) + (-28)/98. Suppose 0 = 2*a - p*a - 10. Give w(a).
4
Let r = -62 - -29. Let v be 126/33 + (-6)/r. Let j(g) = -g**2 + 6*g - 1. What is j(v)?
7
Let v(l) = l**2 - 7*l - 3. Let s be (5 - (-1 - -4)) + 5. Give v(s).
-3
Let b(l) = 9*l + l**2 + 8 + 0 + 0*l**2. What is b(-8)?
0
Let m(l) = -5*l**3 + 11*l**2 + 5*l + 4. Let h(x) = -9*x**3 + 21*x**2 + 10*x + 8. Let o(s) = -6*h(s) + 11*m(s). Give o(-4).
0
Let c(g) = 13*g - 3. Let t(v) = 27*v - 7. Let i(s) = -9*c(s) + 4*t(s). Calculate i(2).
-19
Let f(i) = -i + 13. Suppose 5*a + 5*h = 30, 4*a - 3*h - 2*h = 51. Give f(a).
4
Let i(s) = -s**2 - 3*s + 1. Let w be (-5)/(-3)*(-4 + 1). What is i(w)?
-9
Let l(h) = h**2 + h - 1. Let i(a) = -5*a**2 - 7*a + 6. Suppose -3*q + 3*t + 18 = 2*t, 0 = -2*q - 3*t + 12. Let m(b) = q*l(b) + i(b). Determine m(-2).
6
Let q(i) = -4*i**2 - 8*i + 11. Let f = -3 - 2. Let u(n) = -7*n + 7 - 3*n**2 - 3*n**2 + 3*n**2 + 3. Let t(l) = f*u(l) + 4*q(l). Give t(4).
-10
Let h(c) = -c**2 + 4*c + 7. Let j be h(5). Suppose 0 = -j*k + 19 - 7. Let y be (k/(-12))/((-1)/4). Let v(p) = p - 1. What is v(y)?
1
Let g(s) = s. Let k(d) = d + 1. Let t(w) = 4*g(w) - 3*k(w). What is t(5)?
2
Let v be (-3)/(5/(80/(-12))). Let r(a) = -a. Calculate r(v).
-4
Suppose -4*m + 15 = -5. Suppose 10 + 5 = m*u. Let s(b) = b**3 - 4*b**2 + 2*b - 1. What is s(u)?
-4
Let v(i) = -i**3 - 7*i**2 - 10*i + 3. Let z(r) = -2*r**3 - 14*r**2 - 19*r + 5. Let m(d) = 5*v(d) - 3*z(d). Let n = 24 + -30. Calculate m(n).
-6
Let r(k) = -14*k. Suppose 0 = -5*l - 5*b - 5, -5*b - 1 - 9 = 0. Calculate r(l).
-14
Suppose 2*w = -k - 0*w + 2, 0 = -4*k - 2*w + 8. Suppose -2*i = 5*t - 24, 0 = -k*i - 7*t + 3*t + 20. Let u(b) = -b - 3*b + 5*b + 6 - b**i. Determine u(0).
6
Suppose -u = 2*u - u. Let r(t) = -t**3 - t**2 + 11. Calculate r(u).
11
Let y(r) be the third derivative of r**7/1680 + r**6/144 - r**5/60 + 3*r**2. Let v(w) be the third derivative of y(w). Calculate v(-4).
-7
Suppose 2*z = z - 2. Let c be z/(2/(-3)) - 7. Let y(m) = -m**2 - 4*m - 3. Calculate y(c).
-3
Let d(x) = 7*x**2 - x + 1. Let c(t) = -35*t**2 + 5*t - 6. Let h(f) = -2*c(f) - 11*d(f). Determine h(-1).
-7
Let y(x) = -5 + x**2 + 0 + 2 - 5*x. Let d be y(6). Let o(g) be the third derivative of -g**5/60 + g**4/6 - 2*g**3/3 - 2*g**2. Give o(d).
-1
Let a(q) = q**2 + 9 - 6*q + 5*q - q + 3*q. What is a(0)?
9
Let w = -1 + 1. Let f(v) = v**2 - 6 - 5*v**2 + 3*v + 5*v**2 - 2*v. Calculate f(w).
-6
Let o(h) = 17*h**2 - 1. Let x(q) = -q**3 + 12*q**2 - 11*q + 1. Let m be x(11). Determine o(m).
16
Let s(x) = x**2 + 10. Let i = 59 - 59. What is s(i)?
10
Let x(z) = -z**2 + 1 + 1 - 1. Suppose -m = 3*m + 8, m = -4*w + 18. Suppose 3*g + l = -l - w, l + 6 = -5*g. Give x(g).
0
Let n(x) be the second derivative of -x**5/20 + x**3/6 - 11*x**2/2 - 21*x. Give n(0).
-11
Let c(b) = -1 + 4*b**2 - b**3 + 1 - 3*b. Let z(o) = o - 1. Let s be z(5). Suppose 0 = -s*j + 7 + 5. Give c(j).
0
Let v be -6*(7/(-6) + 0). Let w(b) = b**2 - 7*b + 4. Determine w(v).
4
Let f(c) = 2*c - 7. Let s be 1/1 - (0 - 4). Let x be f(s). Let i(p) = p**x - 2*p**3 - 3 + 4 - 5*p + 1 - 7*p**2. Determine i(-6).
-4
Suppose -6*i = -2*i - 12. Let j(q) = q + q**i + 4*q**2 - q**3 - q**3. Let z = -2 + 6. Calculate j(z).
4
Let t = 2 - 4. Suppose -4 = -5*k + 4*k. Let o(a) = -k*a + 0*a + 6*a + 0*a - 1. Calculate o(t).
-5
Suppose -5*l + 0*l = 0. Let n = 1 + l. Let o(z) = -1 + 5*z - 4*z + 2*z**3 - z**3. Give o(n).
1
Let v = -87 + 79. Let u(z) = -z - 3. Calculate u(v).
5
Let a(y) = y**2 + 3*y. Let q(g) = -3*g**2 - 9*g - 1. Let k(n) = -17*a(n) - 6*q(n). What is k(-4)?
10
Suppose 2*r + u = -3*u - 14, -u = -4*r + 8. Let b be -8 + (r - (1 + -2)). Let q(g) be the third derivative of -g**4/24 - 7*g**3/6 - 3*g**2. Give q(b).
-1
Let r(v) = v + 5. Let z be ((-64)/24)/((-4)/(-6)). What is r(z)?
1
Let d(s) = -s + 3. Suppose -2*q + 5 = -37. Let p = q + -18. Calculate d(p).
0
Let d(j) be the first derivative of 0*j**3 + 0*j + 1/4*j**4 - 1/2*j**2 + 2. Let z be d(-1). Let i(r) = -r**3 + r**2 + r + 6. Calculate i(z).
6
Let a = -18 - -28. Let n(v) = -v**3 + 9*v**2 + 10*v. Let i be n(a). Let h(z) = z + 1 - z**2 + i*z**2 + 2*z. Determine h(4).
-3
Let x(k) be the first derivative of -k**2/2 - 24*k + 30. Give x(0).
-24
Suppose 3*z + 1 = 7. Let m(t) = 3*t**z + 6*t + 4 + t**2 - 3*t**2 + 0